What is the remainder when 120 is divided by 35?
15
What is the remainder when 57 is divided by 22?
13
What is the remainder when 240 is divided by 73?
21
Calculate the remainder when 395 is divided by 16.
11
Calculate the remainder when 6556 is divided by 7.
4
What is the remainder when 881 is divided by 9?
8
What is the remainder when 29 is divided by 16?
13
Calculate the remainder when 478 is divided by 40.
38
What is the remainder when 208 is divided by 14?
12
What is the remainder when 662 is divided by 170?
152
What is the remainder when 5092 is divided by 18?
16
What is the remainder when 1208 is divided by 38?
30
What is the remainder when 192 is divided by 28?
24
What is the remainder when 399 is divided by 82?
71
Calculate the remainder when 130 is divided by 112.
18
What is the remainder when 85 is divided by 26?
7
What is the remainder when 404 is divided by 37?
34
Calculate the remainder when 399 is divided by 10.
9
Calculate the remainder when 78 is divided by 41.
37
What is the remainder when 7207 is divided by 103?
100
Calculate the remainder when 282 is divided by 84.
30
Calculate the remainder when 1916 is divided by 274.
272
Calculate the remainder when 466 is divided by 59.
53
What is the remainder when 3928 is divided by 262?
260
What is the remainder when 1215 is divided by 32?
31
Calculate the remainder when 338 is divided by 85.
83
What is the remainder when 200 is divided by 156?
44
Calculate the remainder when 56 is divided by 47.
9
What is the remainder when 210 is divided by 72?
66
Calculate the remainder when 191 is divided by 64.
63
Calculate the remainder when 1416 is divided by 153.
39
What is the remainder when 206 is divided by 42?
38
What is the remainder when 6339 is divided by 45?
39
What is the remainder when 421 is divided by 128?
37
What is the remainder when 310 is divided by 26?
24
Calculate the remainder when 41 is divided by 17.
7
What is the remainder when 468 is divided by 128?
84
What is the remainder when 140 is divided by 82?
58
Calculate the remainder when 471 is divided by 376.
95
What is the remainder when 298 is divided by 15?
13
What is the remainder when 526 is divided by 260?
6
What is the remainder when 3934 is divided by 123?
121
What is the remainder when 2878 is divided by 16?
14
What is the remainder when 326 is divided by 8?
6
What is the remainder when 1121 is divided by 69?
17
Calculate the remainder when 404 is divided by 137.
130
What is the remainder when 256 is divided by 131?
125
What is the remainder when 153 is divided by 22?
21
What is the remainder when 35927 is divided by 29?
25
Calculate the remainder when 2023 is divided by 80.
23
What is the remainder when 907 is divided by 13?
10
What is the remainder when 1407 is divided by 128?
127
What is the remainder when 486 is divided by 26?
18
Calculate the remainder when 35 is divided by 12.
11
What is the remainder when 89 is divided by 23?
20
Calculate the remainder when 137 is divided by 46.
45
What is the remainder when 1402 is divided by 61?
60
Calculate the remainder when 1992 is divided by 27.
21
What is the remainder when 2000 is divided by 34?
28
Calculate the remainder when 1014 is divided by 33.
24
What is the remainder when 149 is divided by 15?
14
Calculate the remainder when 4319 is divided by 216.
215
What is the remainder when 124 is divided by 116?
8
What is the remainder when 1031 is divided by 117?
95
Calculate the remainder when 384 is divided by 11.
10
Calculate the remainder when 186 is divided by 17.
16
What is the remainder when 83 is divided by 8?
3
Calculate the remainder when 1251 is divided by 157.
152
What is the remainder when 359 is divided by 25?
9
What is the remainder when 186 is divided by 41?
22
Calculate the remainder when 507 is divided by 169.
0
What is the remainder when 196 is divided by 33?
31
Calculate the remainder when 12 is divided by 2.
0
What is the remainder when 762 is divided by 109?
108
What is the remainder when 83 is divided by 16?
3
Calculate the remainder when 374 is divided by 86.
30
What is the remainder when 1945 is divided by 11?
9
Calculate the remainder when 149 is divided by 33.
17
Calculate the remainder when 36 is divided by 10.
6
What is the remainder when 238 is divided by 27?
22
Calculate the remainder when 1911 is divided by 42.
21
Calculate the remainder when 142 is divided by 42.
16
What is the remainder when 627 is divided by 45?
42
Calculate the remainder when 782 is divided by 385.
12
What is the remainder when 1323 is divided by 656?
11
Calculate the remainder when 431 is divided by 190.
51
Calculate the remainder when 135 is divided by 68.
67
Calculate the remainder when 168 is divided by 43.
39
What is the remainder when 8695 is divided by 77?
71
Calculate the remainder when 104 is divided by 28.
20
Calculate the remainder when 670 is divided by 75.
70
Calculate the remainder when 87 is divided by 45.
42
What is the remainder when 3582 is divided by 128?
126
Calculate the remainder when 42 is divided by 4.
2
What is the remainder when 1194 is divided by 92?
90
What is the remainder when 154 is divided by 59?
36
Calculate the remainder when 2757 is divided by 120.
117
Calculate the remainder when 562 is divided by 47.
45
Calculate the remainder when 2499 is divided by 831.
6
Calculate the remainder when 88 is divided by 26.
10
Calculate the remainder when 141 is divided by 46.
3
Calculate the remainder when 1209 is divided by 22.
21
What is the remainder when 107 is divided by 18?
17
What is the remainder when 368 is divided by 342?
26
Calculate the remainder when 85 is divided by 13.
7
What is the remainder when 100 is divided by 28?
16
What is the remainder when 368 is divided by 34?
28
Calculate the remainder when 786 is divided by 59.
19
What is the remainder when 56 is divided by 47?
9
Calculate the remainder when 464 is divided by 43.
34
Calculate the remainder when 77 is divided by 29.
19
Calculate the remainder when 470 is divided by 90.
20
Calculate the remainder when 837 is divided by 12.
9
What is the remainder when 9 is divided by 6?
3
Calculate the remainder when 83 is divided by 17.
15
What is the remainder when 6 is divided by 3?
0
What is the remainder when 999 is divided by 77?
75
What is the remainder when 34 is divided by 2?
0
What is the remainder when 239 is divided by 169?
70
What is the remainder when 80 is divided by 33?
14
Calculate the remainder when 118 is divided by 15.
13
Calculate the remainder when 47 is divided by 11.
3
Calculate the remainder when 212 is divided by 101.
10
Calculate the remainder when 673 is divided by 70.
43
What is the remainder when 136 is divided by 27?
1
Calculate the remainder when 25786 is divided by 5.
1
Calculate the remainder when 526 is divided by 48.
46
What is the remainder when 538 is divided by 23?
9
Calculate the remainder when 258 is divided by 22.
16
Calculate the remainder when 599 is divided by 12.
11
Calculate the remainder when 772 is divided by 31.
28
Calculate the remainder when 387 is divided by 34.
13
What is the remainder when 141 is divided by 43?
12
Calculate the remainder when 44 is divided by 7.
2
Calculate the remainder when 749 is divided by 247.
8
What is the remainder when 1715 is divided by 172?
167
Calculate the remainder when 37 is divided by 30.
7
Calculate the remainder when 1550 is divided by 32.
14
Calculate the remainder when 3065 is divided by 510.
5
What is the remainder when 148 is divided by 33?
16
Calculate the remainder when 45 is divided by 6.
3
What is the remainder when 691 is divided by 152?
83
What is the remainder when 14739 is divided by 97?
92
What is the remainder when 69 is divided by 35?
34
What is the remainder when 60 is divided by 45?
15
What is the remainder when 2119 is divided by 265?
264
Calculate the remainder when 2085 is divided by 1034.
17
Calculate the remainder when 6509 is divided by 14.
13
Calculate the remainder when 1026 is divided by 117.
90
What is the remainder when 4605 is divided by 9?
6
What is the remainder when 41 is divided by 37?
4
Calculate the remainder when 39 is divided by 21.
18
Calculate the remainder when 14021 is divided by 51.
47
Calculate the remainder when 906 is divided by 192.
138
Calculate the rem